{"id":1219,"date":"2026-02-06T11:24:09","date_gmt":"2026-02-06T10:24:09","guid":{"rendered":"https:\/\/duna.zeusweb.hu\/?page_id=1219"},"modified":"2026-02-06T11:25:29","modified_gmt":"2026-02-06T10:25:29","slug":"fejlesztes-2013-2014","status":"publish","type":"page","link":"https:\/\/hotelduna.hu\/de\/palyazatok\/fejlesztes-2013-2014\/","title":{"rendered":"Fejleszt\u00e9s 2013-2014"},"content":{"rendered":"<div data-elementor-type=\"wp-page\" data-elementor-id=\"1219\" class=\"elementor elementor-1219\" data-elementor-post-type=\"page\">\n\t\t\t\t<div class=\"elementor-element elementor-element-45a6e24 e-flex e-con-boxed e-con e-parent\" data-id=\"45a6e24\" data-element_type=\"container\" data-e-type=\"container\" data-settings=\"{&quot;background_background&quot;:&quot;classic&quot;}\">\n\t\t\t\t\t<div class=\"e-con-inner\">\n\t\t\t\t\t<\/div>\n\t\t\t\t<\/div>\n\t\t<div class=\"elementor-element elementor-element-1c63720 e-flex e-con-boxed e-con e-parent\" data-id=\"1c63720\" data-element_type=\"container\" data-e-type=\"container\">\n\t\t\t\t\t<div class=\"e-con-inner\">\n\t\t\t\t<div class=\"elementor-element elementor-element-4c1666d elementor-widget elementor-widget-heading\" data-id=\"4c1666d\" data-element_type=\"widget\" data-e-type=\"widget\" data-widget_type=\"heading.default\">\n\t\t\t\t\t<h2 class=\"elementor-heading-title elementor-size-default\">Projektle\u00edr\u00e1s<\/h2>\t\t\t\t<\/div>\n\t\t\t\t<div class=\"elementor-element elementor-element-81717d7 elementor-widget elementor-widget-text-editor\" data-id=\"81717d7\" data-element_type=\"widget\" data-e-type=\"widget\" data-widget_type=\"text-editor.default\">\n\t\t\t\t\t\t\t\t\t<p id=\"ide\"><b>\u201eM\u00e1sf\u00e9l \u00e9vsz\u00e1zad a Sugovica partj\u00e1n \u2013 komplex sz\u00e1ll\u00e1shely fejleszt\u00e9s a DUNA WELLNESS HOTELBEN\u201d<\/b><\/p><p><strong>Projekt neve:<\/strong>\u00a0\u201eM\u00e1sf\u00e9l \u00e9vsz\u00e1zad a Sugovica partj\u00e1n \u2013 komplex sz\u00e1ll\u00e1shely fejleszt\u00e9s a DUNA WELLNESS HOTELBEN\u201d<br \/><strong>Projekt azonos\u00edt\u00f3 sz\u00e1ma:<\/strong>\u00a0DAOP-2.1.2-12-2012-0068<br \/><strong>Kedvezm\u00e9nyezett:<\/strong>\u00a0Duna Vend\u00e9gl\u00e1t\u00f3, Kereskedelmi, Utaztat\u00e1si Szolg\u00e1ltat\u00f3 Kft.<br \/><strong>Beruh\u00e1z\u00e1s teljes k\u00f6lts\u00e9ge:<\/strong>\u00a0412.020.000 Ft<br \/><strong>Az Eur\u00f3pai Uni\u00f3 \u00e9s a Magyar \u00c1llam \u00e1ltal ny\u00fajtott t\u00e1mogat\u00e1s \u00f6sszege:<\/strong>\u00a0288.414.000 Ft<br \/><strong>T\u00e1mogat\u00e1si intenzit\u00e1s:<\/strong>\u00a070 %<\/p><p>Az uni\u00f3s \u00e9s hazai t\u00e1mogat\u00e1snak, valamint a saj\u00e1t forr\u00e1snak k\u00f6sz\u00f6nhet\u0151en teljesen meg\u00fajul \u00e9s kib\u0151v\u00fcl a bajai Duna Wellness Hotel m\u00e1sf\u00e9l \u00e9vsz\u00e1zados m\u0171eml\u00e9k \u00e9p\u00fclete, emelkedik a szolg\u00e1ltat\u00e1sok sz\u00ednvonala, valamint \u00faj szolg\u00e1ltat\u00e1sok j\u00f6nnek l\u00e9tre. A projekt megval\u00f3sul\u00e1sa nem csak a sz\u00e1llod\u00e1nak fontos, hanem a v\u00e1rosnak is, mivel nincs a k\u00edn\u00e1latban hasonl\u00f3 sz\u00ednvonal\u00fa \u00e9s kapacit\u00e1s\u00fa sz\u00e1ll\u00e1shely, ez\u00e9rt Baja \u00e9s k\u00f6rny\u00e9k\u00e9nek komplex turisztikai vonzerej\u00e9re \u00e9s versenyk\u00e9pess\u00e9g\u00e9re is kiemelked\u0151 hat\u00e1ssal b\u00edr.<\/p><p>A fejleszt\u00e9s a sz\u00e1lloda f\u0151 sz\u00e1rny\u00e1nak teljes fel\u00faj\u00edt\u00e1s\u00e1t t\u0171zte ki c\u00e9lul. Ennek keret\u00e9ben \u00e1t\u00e9p\u00edt\u00e9sre \u00e9s r\u00e9szben fel\u00faj\u00edt\u00e1sra ker\u00fcl az itt tal\u00e1lhat\u00f3 valamennyi vend\u00e9gszoba &#8211; 19 darab \u2013 a f\u0151sz\u00e1rny \u00f6sszes folyos\u00f3ja, a l\u00e9pcs\u0151h\u00e1z, meg\u00fajul a bej\u00e1rat, az el\u0151t\u00e9r \u00e9s a recepci\u00f3 is.<\/p><p>A v\u00e1ros egyetlen sz\u00e1llod\u00e1j\u00e1ban a j\u00f6v\u0151ben 3 \u00e9s 4 csillagos szob\u00e1k egyar\u00e1nt lesznek. Az \u00e1t\u00e9p\u00edt\u00e9sek t\u00e1gasabb, ig\u00e9nyesen berendezett szob\u00e1kat, meg\u00fajult k\u00f6z\u00f6ss\u00e9gi tereket, magasabb komfortfokozatot eredm\u00e9nyeznek, a vend\u00e9gek ig\u00e9nyeinek megfelel\u0151en. Az \u00e9p\u00fclet lapostet\u0151s r\u00e9sze felett k\u00e9t szinten emelet r\u00e1\u00e9p\u00edt\u00e9s t\u00f6rt\u00e9nik, \u00edgy 4 \u00faj szoba alakul ki. A vend\u00e9gszob\u00e1k t\u00f6bb mint fele klimatiz\u00e1lt lesz.<\/p><p>Az \u00e9tteremben a fel\u00faj\u00edt\u00e1s sor\u00e1n a stukk\u00f3s mennyezet megmarad ugyan, de az oldalfalak hangulatelemekkel t\u00f6rt\u00e9n\u0151 ell\u00e1t\u00e1s\u00e1val, a bels\u0151 ny\u00edl\u00e1sz\u00e1r\u00f3k cser\u00e9j\u00e9vel, fel\u00faj\u00edt\u00e1s\u00e1val, az ig\u00e9nyes burkolatokkal \u00e9s \u00faj berendez\u00e9ssel a vend\u00e9gt\u00e9r \u00faj arculatot kap. Az \u00e9tterem \u00faj elnevez\u00e9se \u201ePacsirta\u201d lesz, annak eml\u00e9k\u00e9re, hogy az \u00e9p\u00fcletben forgatt\u00e1k 1963-ban a \u201ePacsirta\u201d c\u00edm\u0171 film t\u00f6bb jelent\u00e9t, P\u00e1ger Antal \u00e9s Tolnay Kl\u00e1ri f\u0151szerepl\u00e9s\u00e9vel. A vend\u00e9gt\u00e9rben egy P\u00e1ger Antal eml\u00e9kasztal is helyet kap.<\/p><p>Az \u00e9tteremhez kapcsol\u00f3d\u00f3an megt\u00f6rt\u00e9nik az oldalterasz t\u00e9lies\u00edtett be\u00e9p\u00edt\u00e9se az \u00e9tterem teljes sz\u00e9less\u00e9g\u00e9ben \u00e9s k\u00f6zvetlen \u00f6sszekapcsol\u00e1si lehet\u0151s\u00e9ggel. Itt j\u00f6n l\u00e9tre egy \u00faj szolg\u00e1ltat\u00e1s, a \u201eNemzeti K\u00e1v\u00e9h\u00e1z\u201d, egy hagyom\u00e1nyokhoz h\u0171, klasszikus k\u00e1v\u00e9z\u00f3. A n\u00e9v a m\u0171eml\u00e9k \u00e9p\u00fclet t\u00f6rt\u00e9nelm\u00e9t eleven\u00edti fel, hiszen a m\u00falt sz\u00e1zad k\u00f6zep\u00e9ig a sz\u00e1lloda \u00e9s az akkori k\u00e1v\u00e9h\u00e1z is \u201eNemzeti\u201d n\u00e9ven \u00fczemelt.<\/p><p>A f\u0151terasz \u00e9s a szabadon marad\u00f3 oldalterasz \u00faj burkolatot kap, megt\u00f6rt\u00e9nik a r\u00e9gi m\u0171k\u0151 korl\u00e1t cser\u00e9je, meg\u00fajulnak az \u00e1rny\u00e9kol\u00f3k. A f\u0151terasz f\u0151bej\u00e1rat fel\u0151li k\u00e9tharmad r\u00e9sze az \u00e9tterem teraszak\u00e9nt funkcion\u00e1l majd, a Sugovica fel\u0151li egyharmad f\u0151terasz az \u00fajonnan \u00e9p\u00fcl\u0151 \u201eNemzeti K\u00e1v\u00e9h\u00e1z\u201d, a szabadon marad\u00f3 oldalterasz pedig a Bart\u00f3k \u00e9s T\u00fcrr termek tartoz\u00e9ka lesz.<\/p><p>A fejleszt\u00e9s sor\u00e1n a vend\u00e9gek ig\u00e9nyeinek megfelel\u0151en \u00fajul meg a wellness r\u00e9szleg is, amelynek mintegy 53 n\u00e9gyzetm\u00e9terrel b\u0151v\u00fcl az alapter\u00fclete, megt\u00f6rt\u00e9nik a g\u0151zkabin \u00e1thelyez\u00e9se \u00e9s b\u0151v\u00edt\u00e9se, jakuzzi kialak\u00edt\u00e1sa \u00e9s egy term\u00e9szetes f\u00e9nnyel megvil\u00e1g\u00edtott pihen\u0151 ki\u00e9p\u00edt\u00e9se.<\/p><p>A kialak\u00edt\u00e1s sor\u00e1n a kedvezm\u00e9nyezett a csal\u00e1dbar\u00e1t k\u00f6rnyezet megteremt\u00e9s\u00e9re t\u00f6rekszik. Az \u00e9p\u00fcletben j\u00e1tsz\u00f3szob\u00e1t alak\u00edt ki, a fel\u00faj\u00edtott bels\u0151 udvaron pedig j\u00e1tsz\u00f3teret. Ezeket a szolg\u00e1ltat\u00e1sokat az \u00e9ttermi vend\u00e9gek is haszn\u00e1lhatj\u00e1k. A bels\u0151 udvarban l\u00e9trej\u00f6n egy fedett (nyithat\u00f3 tetej\u0171) medence, s\u00fct\u00f6get\u00e9sre alkalmas hely, \u00e9s kemence.<\/p><p>A m\u0171eml\u00e9k \u00e9p\u00fclethez m\u00e9lt\u00f3 \u00e9s igen l\u00e1tv\u00e1nyos lesz a k\u00fcls\u0151 fel\u00faj\u00edt\u00e1s. A teljes \u00e9p\u00fclet h\u0151szigetel\u00e9st \u00e9s nemesvakolatot kap.<\/p><p>A teljes kivitelez\u00e9s a tervek szerint 2014 nyar\u00e1ra lez\u00e1rul.<\/p><p>K\u00f6zrem\u0171k\u00f6d\u0151 szervezet neve: DARF\u00dc D\u00e9l-alf\u00f6ldi Region\u00e1lis Fejleszt\u00e9si \u00dcgyn\u00f6ks\u00e9g Nonprofit Kft.<br \/>K\u00f6zrem\u0171k\u00f6d\u0151 szervezet el\u00e9rhet\u0151s\u00e9ge: 6726 Szeged, K\u00f6z\u00e9p fasor 1-3.<br \/>www.darfu.hu<\/p>\t\t\t\t\t\t\t\t<\/div>\n\t\t\t\t\t<\/div>\n\t\t\t\t<\/div>\n\t\t\t\t<\/div>","protected":false},"excerpt":{"rendered":"<p>Projektle\u00edr\u00e1s \u201eM\u00e1sf\u00e9l \u00e9vsz\u00e1zad a Sugovica partj\u00e1n \u2013 komplex sz\u00e1ll\u00e1shely fejleszt\u00e9s a DUNA WELLNESS HOTELBEN\u201d Projekt neve:\u00a0\u201eM\u00e1sf\u00e9l \u00e9vsz\u00e1zad a Sugovica partj\u00e1n [&hellip;]<\/p>\n","protected":false},"author":1,"featured_media":0,"parent":51,"menu_order":0,"comment_status":"closed","ping_status":"closed","template":"elementor_header_footer","meta":{"site-sidebar-layout":"no-sidebar","site-content-layout":"","ast-site-content-layout":"full-width-container","site-content-style":"default","site-sidebar-style":"default","ast-global-header-display":"","ast-banner-title-visibility":"","ast-main-header-display":"","ast-hfb-above-header-display":"","ast-hfb-below-header-display":"","ast-hfb-mobile-header-display":"","site-post-title":"","ast-breadcrumbs-content":"","ast-featured-img":"disabled","footer-sml-layout":"","ast-disable-related-posts":"","theme-transparent-header-meta":"","adv-header-id-meta":"","stick-header-meta":"","header-above-stick-meta":"","header-main-stick-meta":"","header-below-stick-meta":"","astra-migrate-meta-layouts":"default","ast-page-background-enabled":"default","ast-page-background-meta":{"desktop":{"background-color":"var(--ast-global-color-5)","background-image":"","background-repeat":"repeat","background-position":"center center","background-size":"auto","background-attachment":"scroll","background-type":"","background-media":"","overlay-type":"","overlay-color":"","overlay-opacity":"","overlay-gradient":""},"tablet":{"background-color":"","background-image":"","background-repeat":"repeat","background-position":"center center","background-size":"auto","background-attachment":"scroll","background-type":"","background-media":"","overlay-type":"","overlay-color":"","overlay-opacity":"","overlay-gradient":""},"mobile":{"background-color":"","background-image":"","background-repeat":"repeat","background-position":"center center","background-size":"auto","background-attachment":"scroll","background-type":"","background-media":"","overlay-type":"","overlay-color":"","overlay-opacity":"","overlay-gradient":""}},"ast-content-background-meta":{"desktop":{"background-color":"var(--ast-global-color-4)","background-image":"","background-repeat":"repeat","background-position":"center center","background-size":"auto","background-attachment":"scroll","background-type":"","background-media":"","overlay-type":"","overlay-color":"","overlay-opacity":"","overlay-gradient":""},"tablet":{"background-color":"var(--ast-global-color-4)","background-image":"","background-repeat":"repeat","background-position":"center center","background-size":"auto","background-attachment":"scroll","background-type":"","background-media":"","overlay-type":"","overlay-color":"","overlay-opacity":"","overlay-gradient":""},"mobile":{"background-color":"var(--ast-global-color-4)","background-image":"","background-repeat":"repeat","background-position":"center center","background-size":"auto","background-attachment":"scroll","background-type":"","background-media":"","overlay-type":"","overlay-color":"","overlay-opacity":"","overlay-gradient":""}},"footnotes":""},"class_list":["post-1219","page","type-page","status-publish","hentry"],"_links":{"self":[{"href":"https:\/\/hotelduna.hu\/de\/wp-json\/wp\/v2\/pages\/1219","targetHints":{"allow":["GET"]}}],"collection":[{"href":"https:\/\/hotelduna.hu\/de\/wp-json\/wp\/v2\/pages"}],"about":[{"href":"https:\/\/hotelduna.hu\/de\/wp-json\/wp\/v2\/types\/page"}],"author":[{"embeddable":true,"href":"https:\/\/hotelduna.hu\/de\/wp-json\/wp\/v2\/users\/1"}],"replies":[{"embeddable":true,"href":"https:\/\/hotelduna.hu\/de\/wp-json\/wp\/v2\/comments?post=1219"}],"version-history":[{"count":16,"href":"https:\/\/hotelduna.hu\/de\/wp-json\/wp\/v2\/pages\/1219\/revisions"}],"predecessor-version":[{"id":1236,"href":"https:\/\/hotelduna.hu\/de\/wp-json\/wp\/v2\/pages\/1219\/revisions\/1236"}],"up":[{"embeddable":true,"href":"https:\/\/hotelduna.hu\/de\/wp-json\/wp\/v2\/pages\/51"}],"wp:attachment":[{"href":"https:\/\/hotelduna.hu\/de\/wp-json\/wp\/v2\/media?parent=1219"}],"curies":[{"name":"wp","href":"https:\/\/api.w.org\/{rel}","templated":true}]}}

Fejlesztés 2013-2014

<div data-elementor-type="wp-page" data-elementor-id="1219" class="elementor elementor-1219" data-elementor-post-type="page">
				<div class="elementor-element elementor-element-45a6e24 e-flex e-con-boxed e-con e-parent" data-id="45a6e24" data-element_type="container" data-e-type="container" data-settings="{&quot;background_background&quot;:&quot;classic&quot;}">
					<div class="e-con-inner">
					</div>
				</div>
		<div class="elementor-element elementor-element-1c63720 e-flex e-con-boxed e-con e-parent" data-id="1c63720" data-element_type="container" data-e-type="container">
					<div class="e-con-inner">
				<div class="elementor-element elementor-element-4c1666d elementor-widget elementor-widget-heading" data-id="4c1666d" data-element_type="widget" data-e-type="widget" data-widget_type="heading.default">
					<h2 class="elementor-heading-title elementor-size-default">Projektleírás</h2>				</div>
				<div class="elementor-element elementor-element-81717d7 elementor-widget elementor-widget-text-editor" data-id="81717d7" data-element_type="widget" data-e-type="widget" data-widget_type="text-editor.default">
									<p id="ide"><b>„Másfél évszázad a Sugovica partján – komplex szálláshely fejlesztés a DUNA WELLNESS HOTELBEN”</b></p><p><strong>Projekt neve:</strong> „Másfél évszázad a Sugovica partján – komplex szálláshely fejlesztés a DUNA WELLNESS HOTELBEN”<br /><strong>Projekt azonosító száma:</strong> DAOP-2.1.2-12-2012-0068<br /><strong>Kedvezményezett:</strong> Duna Vendéglátó, Kereskedelmi, Utaztatási Szolgáltató Kft.<br /><strong>Beruházás teljes költsége:</strong> 412.020.000 Ft<br /><strong>Az Európai Unió és a Magyar Állam által nyújtott támogatás összege:</strong> 288.414.000 Ft<br /><strong>Támogatási intenzitás:</strong> 70 %</p><p>Az uniós és hazai támogatásnak, valamint a saját forrásnak köszönhetően teljesen megújul és kibővül a bajai Duna Wellness Hotel másfél évszázados műemlék épülete, emelkedik a szolgáltatások színvonala, valamint új szolgáltatások jönnek létre. A projekt megvalósulása nem csak a szállodának fontos, hanem a városnak is, mivel nincs a kínálatban hasonló színvonalú és kapacitású szálláshely, ezért Baja és környékének komplex turisztikai vonzerejére és versenyképességére is kiemelkedő hatással bír.</p><p>A fejlesztés a szálloda fő szárnyának teljes felújítását tűzte ki célul. Ennek keretében átépítésre és részben felújításra kerül az itt található valamennyi vendégszoba &#8211; 19 darab – a főszárny összes folyosója, a lépcsőház, megújul a bejárat, az előtér és a recepció is.</p><p>A város egyetlen szállodájában a jövőben 3 és 4 csillagos szobák egyaránt lesznek. Az átépítések tágasabb, igényesen berendezett szobákat, megújult közösségi tereket, magasabb komfortfokozatot eredményeznek, a vendégek igényeinek megfelelően. Az épület lapostetős része felett két szinten emelet ráépítés történik, így 4 új szoba alakul ki. A vendégszobák több mint fele klimatizált lesz.</p><p>Az étteremben a felújítás során a stukkós mennyezet megmarad ugyan, de az oldalfalak hangulatelemekkel történő ellátásával, a belső nyílászárók cseréjével, felújításával, az igényes burkolatokkal és új berendezéssel a vendégtér új arculatot kap. Az étterem új elnevezése „Pacsirta” lesz, annak emlékére, hogy az épületben forgatták 1963-ban a „Pacsirta” című film több jelentét, Páger Antal és Tolnay Klári főszereplésével. A vendégtérben egy Páger Antal emlékasztal is helyet kap.</p><p>Az étteremhez kapcsolódóan megtörténik az oldalterasz téliesített beépítése az étterem teljes szélességében és közvetlen összekapcsolási lehetőséggel. Itt jön létre egy új szolgáltatás, a „Nemzeti Kávéház”, egy hagyományokhoz hű, klasszikus kávézó. A név a műemlék épület történelmét eleveníti fel, hiszen a múlt század közepéig a szálloda és az akkori kávéház is „Nemzeti” néven üzemelt.</p><p>A főterasz és a szabadon maradó oldalterasz új burkolatot kap, megtörténik a régi műkő korlát cseréje, megújulnak az árnyékolók. A főterasz főbejárat felőli kétharmad része az étterem teraszaként funkcionál majd, a Sugovica felőli egyharmad főterasz az újonnan épülő „Nemzeti Kávéház”, a szabadon maradó oldalterasz pedig a Bartók és Türr termek tartozéka lesz.</p><p>A fejlesztés során a vendégek igényeinek megfelelően újul meg a wellness részleg is, amelynek mintegy 53 négyzetméterrel bővül az alapterülete, megtörténik a gőzkabin áthelyezése és bővítése, jakuzzi kialakítása és egy természetes fénnyel megvilágított pihenő kiépítése.</p><p>A kialakítás során a kedvezményezett a családbarát környezet megteremtésére törekszik. Az épületben játszószobát alakít ki, a felújított belső udvaron pedig játszóteret. Ezeket a szolgáltatásokat az éttermi vendégek is használhatják. A belső udvarban létrejön egy fedett (nyitható tetejű) medence, sütögetésre alkalmas hely, és kemence.</p><p>A műemlék épülethez méltó és igen látványos lesz a külső felújítás. A teljes épület hőszigetelést és nemesvakolatot kap.</p><p>A teljes kivitelezés a tervek szerint 2014 nyarára lezárul.</p><p>Közreműködő szervezet neve: DARFÜ Dél-alföldi Regionális Fejlesztési Ügynökség Nonprofit Kft.<br />Közreműködő szervezet elérhetősége: 6726 Szeged, Közép fasor 1-3.<br />www.darfu.hu</p>								</div>
					</div>
				</div>
				</div>

<p>Projektleírás „Másfél évszázad a Sugovica partján – komplex szálláshely fejlesztés a DUNA WELLNESS HOTELBEN” Projekt neve: „Másfél évszázad a Sugovica partján [&hellip;]</p>
